{"id":1363,"date":"2020-04-08T11:53:23","date_gmt":"2020-04-08T11:53:23","guid":{"rendered":"https:\/\/kosmika-trgovina.si\/LPT\/?post_type=product&#038;p=1363"},"modified":"2021-11-19T10:24:11","modified_gmt":"2021-11-19T10:24:11","slug":"zapestnica-vilinski-simbol-bogastvo","status":"publish","type":"product","link":"https:\/\/kosmika-trgovina.si\/LPT\/trgovina\/vilinski-simboli\/zapestnica-vilinski-simbol-bogastvo\/","title":{"rendered":"Zapestnica Vilinski simbol &#8211; BOGASTVO"},"content":{"rendered":"<p>Energijski amulet za uresni\u010devanje \u017eelja na podro\u010djih:<\/p>\n<p><strong>1.DENARJA<\/strong><\/p>\n<div class=\"elementor-element elementor-element-69e34f6 elementor-widget elementor-widget-text-editor\" data-id=\"69e34f6\" data-element_type=\"widget\" data-widget_type=\"text-editor.default\">\n<div class=\"elementor-widget-container\">\n<div class=\"elementor-text-editor elementor-clearfix\">\n<p>Si zna\u0161 predstavljati, kak\u0161no bi bilo tvoje \u017eivljenje, \u010de ti ne bi bilo treba niti razmi\u0161ljati o denarju? \u010ce bi ga bilo enostavno dovolj za tvoje cilje? <strong>To si zaslu\u017ei\u0161.<\/strong> Preizkusi energijski amulet, ki je \u017ee mnogim pomagal priti do denarja in urediti svoje finance.<\/p>\n<p><strong>2. SLU\u017dBE<\/strong><\/p>\n<p>Dela\u0161, da lahko \u017eivi\u0161, ali \u017eivi\u0161, da lahko dela\u0161? <strong>Ni\u010d od tega ni prav! <\/strong>\u017divi svoje sanje in delaj, kar te veseli. Preizkusi energijski amulet, ki je \u017ee mnogim pomagal dobiti bolj\u0161o slu\u017ebo, napredovati, pridobiti ugled ali se postaviti na svoje noge.<\/p>\n<p><strong>3. PREMO\u017dENJA\u00a0<\/strong><\/p>\n<div class=\"elementor-element elementor-element-fa9ab11 elementor-widget elementor-widget-text-editor\" data-id=\"fa9ab11\" data-element_type=\"widget\" data-widget_type=\"text-editor.default\">\n<div class=\"elementor-widget-container\">\n<div class=\"elementor-text-editor elementor-clearfix\">\n<p>Vsi imamo pravico \u017eiveti lepo. Razli\u010dne okoli\u0161\u010dine in vplivi nam lahko povzro\u010dijo veliko te\u017eav, pogosto ne dobimo, kar nam pripada. Ampak \u2026 <strong>Zaslu\u017ei\u0161 si imeti vse, kar potrebuje\u0161. <\/strong>Preizkusi energijski amulet, ki je \u017ee mnogim pomagal, da so si ustvarili in obranili svoje mesto v svetu.<\/p>\n<\/div>\n<\/div>\n<\/div>\n<\/div>\n<\/div>\n<\/div>\n<p><strong>4. STATUSA<\/strong><\/p>\n<div class=\"elementor-element elementor-element-2cb6e47 elementor-widget elementor-widget-text-editor\" data-id=\"2cb6e47\" data-element_type=\"widget\" data-widget_type=\"text-editor.default\">\n<div class=\"elementor-widget-container\">\n<div class=\"elementor-text-editor elementor-clearfix\">\n<p>Energijski amulet Bogastvo privla\u010di vse, kar bo\u00a0<strong>obogatilo\u00a0<\/strong>tvoje \u017eivljenje. Povej, kaj si \u017eeli\u0161, in dovoli, da se to uresni\u010di. <strong>To ni pravljica. <\/strong>Veliko ljudi potrjuje, da energijski amulet Bogastvo resni\u010dno deluje!<\/p>\n<p><strong>Zapestnica Bogastvo pa ne vpliva samo na denarno podro\u010dje, ampak privla\u010di in okrepi vse tisto, kar obogati tvoje \u017eivljenje!\u00a0<\/strong><\/p>\n<p><strong>UPORABA:\u00a0<\/strong>Preden si zapestnico nadene\u0161 na roko, jo nekaj trenutkov podr\u017ei v dlaneh in izgovori njeno mantro (Altres Etari) vsaj trikrat zaporedoma (lahko tudi v mislih). Potem pa jo nadeni na svojo roko, jo prekrij z drugo dlanjo in ji \u201cpovej,\u201d kak\u0161no pomo\u010d \u017eeli\u0161 od nje, kaj pri\u010dakuje\u0161.<\/p>\n<p>*Vilinski simboli so energijska podpora. \u010ce jim dovoli\u0161, da delujejo, bodo delovali. Vendar pa si vedno zamislimo cilj oziroma spremembo, ter pustimo Univerzumu proste roke, da izbere najbolj\u0161o mo\u017eno pot. Rezultati so lahko razli\u010dni.<\/p>\n<\/div>\n<\/div>\n<\/div>\n","protected":false},"excerpt":{"rendered":"<p>Energijski amulet za uresni\u010devanje \u017eelja na podro\u010djih:<\/p>\n<div class=\"elementor-widget-container\">\n<div class=\"elementor-text-editor elementor-clearfix\">\n<div class=\"elementor-element elementor-element-fa9ab11 elementor-widget elementor-widget-text-editor\" data-id=\"fa9ab11\" data-element_type=\"widget\" data-widget_type=\"text-editor.default\">\n<div class=\"elementor-widget-container\">\n<div class=\"elementor-text-editor elementor-clearfix\">\n<ol>\n<li>DENARJA<\/li>\n<li>SLU\u017dBE<\/li>\n<li>PREMO\u017dENJA<\/li>\n<li>STATUSA<\/li>\n<\/ol>\n<\/div>\n<\/div>\n<\/div>\n<\/div>\n<\/div>\n<p><strong>Zapestnica Bogastvo pa ne vpliva samo na denarno podro\u010dje, ampak privla\u010di in okrepi vse tisto, kar obogati tvoje \u017eivljenje!<\/strong><\/p>\n<p><strong>Poi\u0161\u010di bogastvo v sebi!<\/strong><\/p>\n","protected":false},"featured_media":1386,"template":"","meta":{"site-sidebar-layout":"default","site-content-layout":"default","ast-site-content-layout":"default","site-content-style":"default","site-sidebar-style":"default","ast-global-header-display":"","ast-banner-title-visibility":"","ast-main-header-display":"","ast-hfb-above-header-display":"","ast-hfb-below-header-display":"","ast-hfb-mobile-header-display":"","site-post-title":"","ast-breadcrumbs-content":"","ast-featured-img":"","footer-sml-layout":"","ast-disable-related-posts":"","theme-transparent-header-meta":"default","adv-header-id-meta":"","stick-header-meta":"","header-above-stick-meta":"","header-main-stick-meta":"","header-below-stick-meta":"","astra-migrate-meta-layouts":"default","ast-page-background-enabled":"default","ast-page-background-meta":{"desktop":{"background-color":"var(--ast-global-color-4)","background-image":"","background-repeat":"repeat","background-position":"center center","background-size":"auto","background-attachment":"scroll","background-type":"","background-media":"","overlay-type":"","overlay-color":"","overlay-opacity":"","overlay-gradient":""},"tablet":{"background-color":"","background-image":"","background-repeat":"repeat","background-position":"center center","background-size":"auto","background-attachment":"scroll","background-type":"","background-media":"","overlay-type":"","overlay-color":"","overlay-opacity":"","overlay-gradient":""},"mobile":{"background-color":"","background-image":"","background-repeat":"repeat","background-position":"center center","background-size":"auto","background-attachment":"scroll","background-type":"","background-media":"","overlay-type":"","overlay-color":"","overlay-opacity":"","overlay-gradient":""}},"ast-content-background-meta":{"desktop":{"background-color":"var(--ast-global-color-5)","background-image":"","background-repeat":"repeat","background-position":"center center","background-size":"auto","background-attachment":"scroll","background-type":"","background-media":"","overlay-type":"","overlay-color":"","overlay-opacity":"","overlay-gradient":""},"tablet":{"background-color":"var(--ast-global-color-5)","background-image":"","background-repeat":"repeat","background-position":"center center","background-size":"auto","background-attachment":"scroll","background-type":"","background-media":"","overlay-type":"","overlay-color":"","overlay-opacity":"","overlay-gradient":""},"mobile":{"background-color":"var(--ast-global-color-5)","background-image":"","background-repeat":"repeat","background-position":"center center","background-size":"auto","background-attachment":"scroll","background-type":"","background-media":"","overlay-type":"","overlay-color":"","overlay-opacity":"","overlay-gradient":""}}},"product_brand":[],"product_cat":[42],"product_tag":[],"class_list":{"0":"post-1363","1":"product","2":"type-product","3":"status-publish","4":"has-post-thumbnail","6":"product_cat-vilinski-simboli","7":"product_shipping_class-dostava","8":"desktop-align-left","9":"tablet-align-left","10":"mobile-align-left","12":"first","13":"instock","14":"sale","15":"taxable","16":"shipping-taxable","17":"purchasable","18":"product-type-variable"},"yoast_head":"<!-- This site is optimized with the Yoast SEO plugin v27.4 - https:\/\/yoast.com\/product\/yoast-seo-wordpress\/ -->\n<title>Zapestnica Vilinski simbol - BOGASTVO - Kosmika trgovina<\/title>\n<meta name=\"robots\" content=\"index, follow, max-snippet:-1, max-image-preview:large, max-video-preview:-1\" \/>\n<link rel=\"canonical\" href=\"https:\/\/kosmika-trgovina.si\/LPT\/trgovina\/vilinski-simboli\/zapestnica-vilinski-simbol-bogastvo\/\" \/>\n<meta property=\"og:locale\" content=\"sl_SI\" \/>\n<meta property=\"og:type\" content=\"article\" \/>\n<meta property=\"og:title\" content=\"Zapestnica Vilinski simbol - BOGASTVO - Kosmika trgovina\" \/>\n<meta property=\"og:description\" content=\"Energijski amulet za uresni\u010devanje \u017eelja na podro\u010djih:        DENARJA  SLU\u017dBE  PREMO\u017dENJA  STATUSA       Zapestnica Bogastvo pa ne vpliva samo na denarno podro\u010dje, ampak privla\u010di in okrepi vse tisto, kar obogati tvoje \u017eivljenje!  Poi\u0161\u010di bogastvo v sebi!\" \/>\n<meta property=\"og:url\" content=\"https:\/\/kosmika-trgovina.si\/LPT\/trgovina\/vilinski-simboli\/zapestnica-vilinski-simbol-bogastvo\/\" \/>\n<meta property=\"og:site_name\" content=\"Kosmika trgovina\" \/>\n<meta property=\"article:modified_time\" content=\"2021-11-19T10:24:11+00:00\" \/>\n<meta property=\"og:image\" content=\"https:\/\/kosmika-trgovina.si\/LPT\/wp-content\/uploads\/2020\/04\/zapestnica-vilinski-simbol-bogastvo.png\" \/>\n\t<meta property=\"og:image:width\" content=\"800\" \/>\n\t<meta property=\"og:image:height\" content=\"800\" \/>\n\t<meta property=\"og:image:type\" content=\"image\/png\" \/>\n<meta name=\"twitter:card\" content=\"summary_large_image\" \/>\n<meta name=\"twitter:label1\" content=\"Est. reading time\" \/>\n\t<meta name=\"twitter:data1\" content=\"2 minuti\" \/>\n<script type=\"application\/ld+json\" class=\"yoast-schema-graph\">{\"@context\":\"https:\\\/\\\/schema.org\",\"@graph\":[{\"@type\":\"WebPage\",\"@id\":\"https:\\\/\\\/kosmika-trgovina.si\\\/LPT\\\/trgovina\\\/vilinski-simboli\\\/zapestnica-vilinski-simbol-bogastvo\\\/\",\"url\":\"https:\\\/\\\/kosmika-trgovina.si\\\/LPT\\\/trgovina\\\/vilinski-simboli\\\/zapestnica-vilinski-simbol-bogastvo\\\/\",\"name\":\"Zapestnica Vilinski simbol - BOGASTVO - Kosmika trgovina\",\"isPartOf\":{\"@id\":\"https:\\\/\\\/kosmika-trgovina.si\\\/LPT\\\/#website\"},\"primaryImageOfPage\":{\"@id\":\"https:\\\/\\\/kosmika-trgovina.si\\\/LPT\\\/trgovina\\\/vilinski-simboli\\\/zapestnica-vilinski-simbol-bogastvo\\\/#primaryimage\"},\"image\":{\"@id\":\"https:\\\/\\\/kosmika-trgovina.si\\\/LPT\\\/trgovina\\\/vilinski-simboli\\\/zapestnica-vilinski-simbol-bogastvo\\\/#primaryimage\"},\"thumbnailUrl\":\"https:\\\/\\\/kosmika-trgovina.si\\\/LPT\\\/wp-content\\\/uploads\\\/2020\\\/04\\\/zapestnica-vilinski-simbol-bogastvo.png\",\"datePublished\":\"2020-04-08T11:53:23+00:00\",\"dateModified\":\"2021-11-19T10:24:11+00:00\",\"breadcrumb\":{\"@id\":\"https:\\\/\\\/kosmika-trgovina.si\\\/LPT\\\/trgovina\\\/vilinski-simboli\\\/zapestnica-vilinski-simbol-bogastvo\\\/#breadcrumb\"},\"inLanguage\":\"sl-SI\",\"potentialAction\":[{\"@type\":\"ReadAction\",\"target\":[\"https:\\\/\\\/kosmika-trgovina.si\\\/LPT\\\/trgovina\\\/vilinski-simboli\\\/zapestnica-vilinski-simbol-bogastvo\\\/\"]}]},{\"@type\":\"ImageObject\",\"inLanguage\":\"sl-SI\",\"@id\":\"https:\\\/\\\/kosmika-trgovina.si\\\/LPT\\\/trgovina\\\/vilinski-simboli\\\/zapestnica-vilinski-simbol-bogastvo\\\/#primaryimage\",\"url\":\"https:\\\/\\\/kosmika-trgovina.si\\\/LPT\\\/wp-content\\\/uploads\\\/2020\\\/04\\\/zapestnica-vilinski-simbol-bogastvo.png\",\"contentUrl\":\"https:\\\/\\\/kosmika-trgovina.si\\\/LPT\\\/wp-content\\\/uploads\\\/2020\\\/04\\\/zapestnica-vilinski-simbol-bogastvo.png\",\"width\":800,\"height\":800},{\"@type\":\"BreadcrumbList\",\"@id\":\"https:\\\/\\\/kosmika-trgovina.si\\\/LPT\\\/trgovina\\\/vilinski-simboli\\\/zapestnica-vilinski-simbol-bogastvo\\\/#breadcrumb\",\"itemListElement\":[{\"@type\":\"ListItem\",\"position\":1,\"name\":\"Home\",\"item\":\"https:\\\/\\\/kosmika-trgovina.si\\\/LPT\\\/\"},{\"@type\":\"ListItem\",\"position\":2,\"name\":\"Trgovina\",\"item\":\"https:\\\/\\\/kosmika-trgovina.si\\\/LPT\\\/\"},{\"@type\":\"ListItem\",\"position\":3,\"name\":\"Zapestnica Vilinski simbol &#8211; BOGASTVO\"}]},{\"@type\":\"WebSite\",\"@id\":\"https:\\\/\\\/kosmika-trgovina.si\\\/LPT\\\/#website\",\"url\":\"https:\\\/\\\/kosmika-trgovina.si\\\/LPT\\\/\",\"name\":\"Kosmika trgovina\",\"description\":\"Kosmika trgovina\",\"publisher\":{\"@id\":\"https:\\\/\\\/kosmika-trgovina.si\\\/LPT\\\/#organization\"},\"potentialAction\":[{\"@type\":\"SearchAction\",\"target\":{\"@type\":\"EntryPoint\",\"urlTemplate\":\"https:\\\/\\\/kosmika-trgovina.si\\\/LPT\\\/?s={search_term_string}\"},\"query-input\":{\"@type\":\"PropertyValueSpecification\",\"valueRequired\":true,\"valueName\":\"search_term_string\"}}],\"inLanguage\":\"sl-SI\"},{\"@type\":\"Organization\",\"@id\":\"https:\\\/\\\/kosmika-trgovina.si\\\/LPT\\\/#organization\",\"name\":\"Kosmika trgovina\",\"url\":\"https:\\\/\\\/kosmika-trgovina.si\\\/LPT\\\/\",\"logo\":{\"@type\":\"ImageObject\",\"inLanguage\":\"sl-SI\",\"@id\":\"https:\\\/\\\/kosmika-trgovina.si\\\/LPT\\\/#\\\/schema\\\/logo\\\/image\\\/\",\"url\":\"https:\\\/\\\/kosmika-trgovina.si\\\/LPT\\\/wp-content\\\/uploads\\\/2020\\\/01\\\/cropped-horoskop-logo_top-2.png\",\"contentUrl\":\"https:\\\/\\\/kosmika-trgovina.si\\\/LPT\\\/wp-content\\\/uploads\\\/2020\\\/01\\\/cropped-horoskop-logo_top-2.png\",\"width\":404,\"height\":101,\"caption\":\"Kosmika trgovina\"},\"image\":{\"@id\":\"https:\\\/\\\/kosmika-trgovina.si\\\/LPT\\\/#\\\/schema\\\/logo\\\/image\\\/\"}}]}<\/script>\n<!-- \/ Yoast SEO plugin. -->","yoast_head_json":{"title":"Zapestnica Vilinski simbol - BOGASTVO - Kosmika trgovina","robots":{"index":"index","follow":"follow","max-snippet":"max-snippet:-1","max-image-preview":"max-image-preview:large","max-video-preview":"max-video-preview:-1"},"canonical":"https:\/\/kosmika-trgovina.si\/LPT\/trgovina\/vilinski-simboli\/zapestnica-vilinski-simbol-bogastvo\/","og_locale":"sl_SI","og_type":"article","og_title":"Zapestnica Vilinski simbol - BOGASTVO - Kosmika trgovina","og_description":"Energijski amulet za uresni\u010devanje \u017eelja na podro\u010djih:        DENARJA  SLU\u017dBE  PREMO\u017dENJA  STATUSA       Zapestnica Bogastvo pa ne vpliva samo na denarno podro\u010dje, ampak privla\u010di in okrepi vse tisto, kar obogati tvoje \u017eivljenje!  Poi\u0161\u010di bogastvo v sebi!","og_url":"https:\/\/kosmika-trgovina.si\/LPT\/trgovina\/vilinski-simboli\/zapestnica-vilinski-simbol-bogastvo\/","og_site_name":"Kosmika trgovina","article_modified_time":"2021-11-19T10:24:11+00:00","og_image":[{"width":800,"height":800,"url":"https:\/\/kosmika-trgovina.si\/LPT\/wp-content\/uploads\/2020\/04\/zapestnica-vilinski-simbol-bogastvo.png","type":"image\/png"}],"twitter_card":"summary_large_image","twitter_misc":{"Est. reading time":"2 minuti"},"schema":{"@context":"https:\/\/schema.org","@graph":[{"@type":"WebPage","@id":"https:\/\/kosmika-trgovina.si\/LPT\/trgovina\/vilinski-simboli\/zapestnica-vilinski-simbol-bogastvo\/","url":"https:\/\/kosmika-trgovina.si\/LPT\/trgovina\/vilinski-simboli\/zapestnica-vilinski-simbol-bogastvo\/","name":"Zapestnica Vilinski simbol - BOGASTVO - Kosmika trgovina","isPartOf":{"@id":"https:\/\/kosmika-trgovina.si\/LPT\/#website"},"primaryImageOfPage":{"@id":"https:\/\/kosmika-trgovina.si\/LPT\/trgovina\/vilinski-simboli\/zapestnica-vilinski-simbol-bogastvo\/#primaryimage"},"image":{"@id":"https:\/\/kosmika-trgovina.si\/LPT\/trgovina\/vilinski-simboli\/zapestnica-vilinski-simbol-bogastvo\/#primaryimage"},"thumbnailUrl":"https:\/\/kosmika-trgovina.si\/LPT\/wp-content\/uploads\/2020\/04\/zapestnica-vilinski-simbol-bogastvo.png","datePublished":"2020-04-08T11:53:23+00:00","dateModified":"2021-11-19T10:24:11+00:00","breadcrumb":{"@id":"https:\/\/kosmika-trgovina.si\/LPT\/trgovina\/vilinski-simboli\/zapestnica-vilinski-simbol-bogastvo\/#breadcrumb"},"inLanguage":"sl-SI","potentialAction":[{"@type":"ReadAction","target":["https:\/\/kosmika-trgovina.si\/LPT\/trgovina\/vilinski-simboli\/zapestnica-vilinski-simbol-bogastvo\/"]}]},{"@type":"ImageObject","inLanguage":"sl-SI","@id":"https:\/\/kosmika-trgovina.si\/LPT\/trgovina\/vilinski-simboli\/zapestnica-vilinski-simbol-bogastvo\/#primaryimage","url":"https:\/\/kosmika-trgovina.si\/LPT\/wp-content\/uploads\/2020\/04\/zapestnica-vilinski-simbol-bogastvo.png","contentUrl":"https:\/\/kosmika-trgovina.si\/LPT\/wp-content\/uploads\/2020\/04\/zapestnica-vilinski-simbol-bogastvo.png","width":800,"height":800},{"@type":"BreadcrumbList","@id":"https:\/\/kosmika-trgovina.si\/LPT\/trgovina\/vilinski-simboli\/zapestnica-vilinski-simbol-bogastvo\/#breadcrumb","itemListElement":[{"@type":"ListItem","position":1,"name":"Home","item":"https:\/\/kosmika-trgovina.si\/LPT\/"},{"@type":"ListItem","position":2,"name":"Trgovina","item":"https:\/\/kosmika-trgovina.si\/LPT\/"},{"@type":"ListItem","position":3,"name":"Zapestnica Vilinski simbol &#8211; BOGASTVO"}]},{"@type":"WebSite","@id":"https:\/\/kosmika-trgovina.si\/LPT\/#website","url":"https:\/\/kosmika-trgovina.si\/LPT\/","name":"Kosmika trgovina","description":"Kosmika trgovina","publisher":{"@id":"https:\/\/kosmika-trgovina.si\/LPT\/#organization"},"potentialAction":[{"@type":"SearchAction","target":{"@type":"EntryPoint","urlTemplate":"https:\/\/kosmika-trgovina.si\/LPT\/?s={search_term_string}"},"query-input":{"@type":"PropertyValueSpecification","valueRequired":true,"valueName":"search_term_string"}}],"inLanguage":"sl-SI"},{"@type":"Organization","@id":"https:\/\/kosmika-trgovina.si\/LPT\/#organization","name":"Kosmika trgovina","url":"https:\/\/kosmika-trgovina.si\/LPT\/","logo":{"@type":"ImageObject","inLanguage":"sl-SI","@id":"https:\/\/kosmika-trgovina.si\/LPT\/#\/schema\/logo\/image\/","url":"https:\/\/kosmika-trgovina.si\/LPT\/wp-content\/uploads\/2020\/01\/cropped-horoskop-logo_top-2.png","contentUrl":"https:\/\/kosmika-trgovina.si\/LPT\/wp-content\/uploads\/2020\/01\/cropped-horoskop-logo_top-2.png","width":404,"height":101,"caption":"Kosmika trgovina"},"image":{"@id":"https:\/\/kosmika-trgovina.si\/LPT\/#\/schema\/logo\/image\/"}}]}},"_links":{"self":[{"href":"https:\/\/kosmika-trgovina.si\/LPT\/wp-json\/wp\/v2\/product\/1363","targetHints":{"allow":["GET"]}}],"collection":[{"href":"https:\/\/kosmika-trgovina.si\/LPT\/wp-json\/wp\/v2\/product"}],"about":[{"href":"https:\/\/kosmika-trgovina.si\/LPT\/wp-json\/wp\/v2\/types\/product"}],"version-history":[{"count":2,"href":"https:\/\/kosmika-trgovina.si\/LPT\/wp-json\/wp\/v2\/product\/1363\/revisions"}],"predecessor-version":[{"id":6934,"href":"https:\/\/kosmika-trgovina.si\/LPT\/wp-json\/wp\/v2\/product\/1363\/revisions\/6934"}],"wp:featuredmedia":[{"embeddable":true,"href":"https:\/\/kosmika-trgovina.si\/LPT\/wp-json\/wp\/v2\/media\/1386"}],"wp:attachment":[{"href":"https:\/\/kosmika-trgovina.si\/LPT\/wp-json\/wp\/v2\/media?parent=1363"}],"wp:term":[{"taxonomy":"product_brand","embeddable":true,"href":"https:\/\/kosmika-trgovina.si\/LPT\/wp-json\/wp\/v2\/product_brand?post=1363"},{"taxonomy":"product_cat","embeddable":true,"href":"https:\/\/kosmika-trgovina.si\/LPT\/wp-json\/wp\/v2\/product_cat?post=1363"},{"taxonomy":"product_tag","embeddable":true,"href":"https:\/\/kosmika-trgovina.si\/LPT\/wp-json\/wp\/v2\/product_tag?post=1363"}],"curies":[{"name":"wp","href":"https:\/\/api.w.org\/{rel}","templated":true}]}}