{"id":2074,"date":"2020-06-17T08:33:24","date_gmt":"2020-06-17T08:33:24","guid":{"rendered":"https:\/\/kosmika-trgovina.si\/LPT\/?post_type=product&#038;p=2074"},"modified":"2022-12-08T10:31:33","modified_gmt":"2022-12-08T10:31:33","slug":"orgonit-roza-zivljenja","status":"publish","type":"product","link":"https:\/\/kosmika-trgovina.si\/LPT\/trgovina\/kristali\/orgonit-roza-zivljenja\/","title":{"rendered":"Orgonit Ro\u017ea \u017eivljenja"},"content":{"rendered":"<p><strong>Uporaba<\/strong><\/p>\n<p>Orgonit Ro\u017ea \u017eivljenja je kot nala\u0161\u010d za spalne prostore.<\/p>\n<p>Lahko ga postavite kot dekorativni predmet, po \u017eelji pa ga lahko tudi namestite pod posteljo. Po tem, ko ste mu izbrali prostor in ga tja postavili, vam svetujemo, da se ga \u010dim manj dotikate.<\/p>\n<p>\u010ci\u0161\u010denje: Ob\u010dasno ga obri\u0161ite z mehko krpo, da se na njem ne bo nabiral prah.<\/p>\n<p>Kakr\u0161nokoli druga\u010dno energijsko \u010di\u0161\u010denje in polnjenje ni potrebno.<\/p>\n<p>Orgonit Ro\u017ea \u017eivljenja je primeren tudi za:<\/p>\n<ul>\n<li>prostore, v katerih se spro\u0161\u010date<\/li>\n<li>prostore, v katerih se odvija meditacija<\/li>\n<li>povsod, kjer se odvija katerakoli duhovna ali svetovalna dejavnost,<\/li>\n<li>pa tudi za prostore, v katerih se bo kdo u\u010dil ali zbrano delal.<\/li>\n<\/ul>\n<p><strong>Orgonska piramida<\/strong> (orgon = prana )<\/p>\n<p>Idealen pripomo\u010dek dana\u0161njega \u010dasa, da se za\u0161\u010ditimo pred <strong>razli\u010dnimi negativnimi vplivi<\/strong>, ki smo jim nenehno izpostavljeni v vsakdanjem \u017eivljenju.<\/p>\n<p>Na astralnih ali celo vi\u0161ji ravneh veljajo \u010disto druga\u010dna pravila in zakonitosti. V povpre\u010dju ima \u010dlovek na sebi prilepljene 3- 4 dru\u017einske &#8220;du\u0161e&#8221; ali njihove energijske ostanke. S pomo\u010djo orgonita se spodbudi pretok energije, pri tem pa se tudi \u010disti vse tisto, kar nas obremenjuje v vsakdanjem<\/p>\n<p>V 40 letih prej\u0161njega stoletja je avstrijskemu znanstveniku in psihoanalitiku dr. Willhelm Reichu s svojimi eksperimenti uspelo znanstveno dokazati obstoj te univerzalne energije. Z eksperimenti je dokazal pojav in kopi\u010denje te energije, ko se po plasteh izmenjujeta organski (ogljikovodiki) in anorganski material.<\/p>\n","protected":false},"excerpt":{"rendered":"<p>Orgonit Ro\u017ea \u017eivljenja vsebuje kristal lapis lazuli, zato je primerna izbira za prostore, kjer si \u017eelite umirjene energije.<\/p>\n<p>Sam orgonit je priznan energijski pripomo\u010dek, ki ustvarja in \u010disti energije tako zaradi svoje oblike kot tudi zaradi svojih posebnih sestavin. Kristali so le del obveznih sestavnih delov, vendar pa prav z njimi vplivamo na vibracijo, ki jo orgonit oddaja.<\/p>\n<p><strong>Lapis lazuli <\/strong>\u00a0je znan kot vladarski kristal, ki pove\u010duje intuicijo, zbranost in dostop do vi\u0161jih energij. Uporablja se ga tudi v primeru slabega spanca in no\u010dnih mor.<\/p>\n","protected":false},"featured_media":2077,"template":"","meta":{"site-sidebar-layout":"default","site-content-layout":"default","ast-site-content-layout":"default","site-content-style":"default","site-sidebar-style":"default","ast-global-header-display":"","ast-banner-title-visibility":"","ast-main-header-display":"","ast-hfb-above-header-display":"","ast-hfb-below-header-display":"","ast-hfb-mobile-header-display":"","site-post-title":"","ast-breadcrumbs-content":"","ast-featured-img":"","footer-sml-layout":"","ast-disable-related-posts":"","theme-transparent-header-meta":"default","adv-header-id-meta":"","stick-header-meta":"","header-above-stick-meta":"","header-main-stick-meta":"","header-below-stick-meta":"","astra-migrate-meta-layouts":"default","ast-page-background-enabled":"default","ast-page-background-meta":{"desktop":{"background-color":"var(--ast-global-color-4)","background-image":"","background-repeat":"repeat","background-position":"center center","background-size":"auto","background-attachment":"scroll","background-type":"","background-media":"","overlay-type":"","overlay-color":"","overlay-opacity":"","overlay-gradient":""},"tablet":{"background-color":"","background-image":"","background-repeat":"repeat","background-position":"center center","background-size":"auto","background-attachment":"scroll","background-type":"","background-media":"","overlay-type":"","overlay-color":"","overlay-opacity":"","overlay-gradient":""},"mobile":{"background-color":"","background-image":"","background-repeat":"repeat","background-position":"center center","background-size":"auto","background-attachment":"scroll","background-type":"","background-media":"","overlay-type":"","overlay-color":"","overlay-opacity":"","overlay-gradient":""}},"ast-content-background-meta":{"desktop":{"background-color":"var(--ast-global-color-5)","background-image":"","background-repeat":"repeat","background-position":"center center","background-size":"auto","background-attachment":"scroll","background-type":"","background-media":"","overlay-type":"","overlay-color":"","overlay-opacity":"","overlay-gradient":""},"tablet":{"background-color":"var(--ast-global-color-5)","background-image":"","background-repeat":"repeat","background-position":"center center","background-size":"auto","background-attachment":"scroll","background-type":"","background-media":"","overlay-type":"","overlay-color":"","overlay-opacity":"","overlay-gradient":""},"mobile":{"background-color":"var(--ast-global-color-5)","background-image":"","background-repeat":"repeat","background-position":"center center","background-size":"auto","background-attachment":"scroll","background-type":"","background-media":"","overlay-type":"","overlay-color":"","overlay-opacity":"","overlay-gradient":""}}},"product_brand":[],"product_cat":[59,55],"product_tag":[],"class_list":{"0":"post-2074","1":"product","2":"type-product","3":"status-publish","4":"has-post-thumbnail","6":"product_cat-izdelki-za-dom","7":"product_cat-kristali","8":"product_shipping_class-brezplacna-dostava","9":"desktop-align-left","10":"tablet-align-left","11":"mobile-align-left","13":"first","14":"outofstock","15":"sale","16":"taxable","17":"shipping-taxable","18":"purchasable","19":"product-type-simple"},"yoast_head":"<!-- This site is optimized with the Yoast SEO plugin v27.5 - https:\/\/yoast.com\/product\/yoast-seo-wordpress\/ -->\n<title>Orgonit Ro\u017ea \u017eivljenja - Kosmika trgovina<\/title>\n<meta name=\"robots\" content=\"index, follow, max-snippet:-1, max-image-preview:large, max-video-preview:-1\" \/>\n<link rel=\"canonical\" href=\"https:\/\/kosmika-trgovina.si\/LPT\/trgovina\/kristali\/orgonit-roza-zivljenja\/\" \/>\n<meta property=\"og:locale\" content=\"sl_SI\" \/>\n<meta property=\"og:type\" content=\"article\" \/>\n<meta property=\"og:title\" content=\"Orgonit Ro\u017ea \u017eivljenja - Kosmika trgovina\" \/>\n<meta property=\"og:description\" content=\"Orgonit Ro\u017ea \u017eivljenja vsebuje kristal lapis lazuli, zato je primerna izbira za prostore, kjer si \u017eelite umirjene energije.  Sam orgonit je priznan energijski pripomo\u010dek, ki ustvarja in \u010disti energije tako zaradi svoje oblike kot tudi zaradi svojih posebnih sestavin. Kristali so le del obveznih sestavnih delov, vendar pa prav z njimi vplivamo na vibracijo, ki jo orgonit oddaja.  Lapis lazuli \u00a0je znan kot vladarski kristal, ki pove\u010duje intuicijo, zbranost in dostop do vi\u0161jih energij. Uporablja se ga tudi v primeru slabega spanca in no\u010dnih mor.\" \/>\n<meta property=\"og:url\" content=\"https:\/\/kosmika-trgovina.si\/LPT\/trgovina\/kristali\/orgonit-roza-zivljenja\/\" \/>\n<meta property=\"og:site_name\" content=\"Kosmika trgovina\" \/>\n<meta property=\"article:modified_time\" content=\"2022-12-08T10:31:33+00:00\" \/>\n<meta property=\"og:image\" content=\"https:\/\/kosmika-trgovina.si\/LPT\/wp-content\/uploads\/2020\/06\/orgonit-roza-zivljenja-2.png\" \/>\n\t<meta property=\"og:image:width\" content=\"500\" \/>\n\t<meta property=\"og:image:height\" content=\"500\" \/>\n\t<meta property=\"og:image:type\" content=\"image\/png\" \/>\n<meta name=\"twitter:card\" content=\"summary_large_image\" \/>\n<meta name=\"twitter:label1\" content=\"Est. reading time\" \/>\n\t<meta name=\"twitter:data1\" content=\"1 minuta\" \/>\n<script type=\"application\/ld+json\" class=\"yoast-schema-graph\">{\"@context\":\"https:\\\/\\\/schema.org\",\"@graph\":[{\"@type\":\"WebPage\",\"@id\":\"https:\\\/\\\/kosmika-trgovina.si\\\/LPT\\\/trgovina\\\/kristali\\\/orgonit-roza-zivljenja\\\/\",\"url\":\"https:\\\/\\\/kosmika-trgovina.si\\\/LPT\\\/trgovina\\\/kristali\\\/orgonit-roza-zivljenja\\\/\",\"name\":\"Orgonit Ro\u017ea \u017eivljenja - Kosmika trgovina\",\"isPartOf\":{\"@id\":\"https:\\\/\\\/kosmika-trgovina.si\\\/LPT\\\/#website\"},\"primaryImageOfPage\":{\"@id\":\"https:\\\/\\\/kosmika-trgovina.si\\\/LPT\\\/trgovina\\\/kristali\\\/orgonit-roza-zivljenja\\\/#primaryimage\"},\"image\":{\"@id\":\"https:\\\/\\\/kosmika-trgovina.si\\\/LPT\\\/trgovina\\\/kristali\\\/orgonit-roza-zivljenja\\\/#primaryimage\"},\"thumbnailUrl\":\"https:\\\/\\\/kosmika-trgovina.si\\\/LPT\\\/wp-content\\\/uploads\\\/2020\\\/06\\\/orgonit-roza-zivljenja-2.png\",\"datePublished\":\"2020-06-17T08:33:24+00:00\",\"dateModified\":\"2022-12-08T10:31:33+00:00\",\"breadcrumb\":{\"@id\":\"https:\\\/\\\/kosmika-trgovina.si\\\/LPT\\\/trgovina\\\/kristali\\\/orgonit-roza-zivljenja\\\/#breadcrumb\"},\"inLanguage\":\"sl-SI\",\"potentialAction\":[{\"@type\":\"ReadAction\",\"target\":[\"https:\\\/\\\/kosmika-trgovina.si\\\/LPT\\\/trgovina\\\/kristali\\\/orgonit-roza-zivljenja\\\/\"]}]},{\"@type\":\"ImageObject\",\"inLanguage\":\"sl-SI\",\"@id\":\"https:\\\/\\\/kosmika-trgovina.si\\\/LPT\\\/trgovina\\\/kristali\\\/orgonit-roza-zivljenja\\\/#primaryimage\",\"url\":\"https:\\\/\\\/kosmika-trgovina.si\\\/LPT\\\/wp-content\\\/uploads\\\/2020\\\/06\\\/orgonit-roza-zivljenja-2.png\",\"contentUrl\":\"https:\\\/\\\/kosmika-trgovina.si\\\/LPT\\\/wp-content\\\/uploads\\\/2020\\\/06\\\/orgonit-roza-zivljenja-2.png\",\"width\":500,\"height\":500},{\"@type\":\"BreadcrumbList\",\"@id\":\"https:\\\/\\\/kosmika-trgovina.si\\\/LPT\\\/trgovina\\\/kristali\\\/orgonit-roza-zivljenja\\\/#breadcrumb\",\"itemListElement\":[{\"@type\":\"ListItem\",\"position\":1,\"name\":\"Home\",\"item\":\"https:\\\/\\\/kosmika-trgovina.si\\\/LPT\\\/\"},{\"@type\":\"ListItem\",\"position\":2,\"name\":\"Trgovina\",\"item\":\"https:\\\/\\\/kosmika-trgovina.si\\\/LPT\\\/\"},{\"@type\":\"ListItem\",\"position\":3,\"name\":\"Orgonit Ro\u017ea \u017eivljenja\"}]},{\"@type\":\"WebSite\",\"@id\":\"https:\\\/\\\/kosmika-trgovina.si\\\/LPT\\\/#website\",\"url\":\"https:\\\/\\\/kosmika-trgovina.si\\\/LPT\\\/\",\"name\":\"Kosmika trgovina\",\"description\":\"Kosmika trgovina\",\"publisher\":{\"@id\":\"https:\\\/\\\/kosmika-trgovina.si\\\/LPT\\\/#organization\"},\"potentialAction\":[{\"@type\":\"SearchAction\",\"target\":{\"@type\":\"EntryPoint\",\"urlTemplate\":\"https:\\\/\\\/kosmika-trgovina.si\\\/LPT\\\/?s={search_term_string}\"},\"query-input\":{\"@type\":\"PropertyValueSpecification\",\"valueRequired\":true,\"valueName\":\"search_term_string\"}}],\"inLanguage\":\"sl-SI\"},{\"@type\":\"Organization\",\"@id\":\"https:\\\/\\\/kosmika-trgovina.si\\\/LPT\\\/#organization\",\"name\":\"Kosmika trgovina\",\"url\":\"https:\\\/\\\/kosmika-trgovina.si\\\/LPT\\\/\",\"logo\":{\"@type\":\"ImageObject\",\"inLanguage\":\"sl-SI\",\"@id\":\"https:\\\/\\\/kosmika-trgovina.si\\\/LPT\\\/#\\\/schema\\\/logo\\\/image\\\/\",\"url\":\"https:\\\/\\\/kosmika-trgovina.si\\\/LPT\\\/wp-content\\\/uploads\\\/2020\\\/01\\\/cropped-horoskop-logo_top-2.png\",\"contentUrl\":\"https:\\\/\\\/kosmika-trgovina.si\\\/LPT\\\/wp-content\\\/uploads\\\/2020\\\/01\\\/cropped-horoskop-logo_top-2.png\",\"width\":404,\"height\":101,\"caption\":\"Kosmika trgovina\"},\"image\":{\"@id\":\"https:\\\/\\\/kosmika-trgovina.si\\\/LPT\\\/#\\\/schema\\\/logo\\\/image\\\/\"}}]}<\/script>\n<!-- \/ Yoast SEO plugin. -->","yoast_head_json":{"title":"Orgonit Ro\u017ea \u017eivljenja - Kosmika trgovina","robots":{"index":"index","follow":"follow","max-snippet":"max-snippet:-1","max-image-preview":"max-image-preview:large","max-video-preview":"max-video-preview:-1"},"canonical":"https:\/\/kosmika-trgovina.si\/LPT\/trgovina\/kristali\/orgonit-roza-zivljenja\/","og_locale":"sl_SI","og_type":"article","og_title":"Orgonit Ro\u017ea \u017eivljenja - Kosmika trgovina","og_description":"Orgonit Ro\u017ea \u017eivljenja vsebuje kristal lapis lazuli, zato je primerna izbira za prostore, kjer si \u017eelite umirjene energije.  Sam orgonit je priznan energijski pripomo\u010dek, ki ustvarja in \u010disti energije tako zaradi svoje oblike kot tudi zaradi svojih posebnih sestavin. Kristali so le del obveznih sestavnih delov, vendar pa prav z njimi vplivamo na vibracijo, ki jo orgonit oddaja.  Lapis lazuli \u00a0je znan kot vladarski kristal, ki pove\u010duje intuicijo, zbranost in dostop do vi\u0161jih energij. Uporablja se ga tudi v primeru slabega spanca in no\u010dnih mor.","og_url":"https:\/\/kosmika-trgovina.si\/LPT\/trgovina\/kristali\/orgonit-roza-zivljenja\/","og_site_name":"Kosmika trgovina","article_modified_time":"2022-12-08T10:31:33+00:00","og_image":[{"width":500,"height":500,"url":"https:\/\/kosmika-trgovina.si\/LPT\/wp-content\/uploads\/2020\/06\/orgonit-roza-zivljenja-2.png","type":"image\/png"}],"twitter_card":"summary_large_image","twitter_misc":{"Est. reading time":"1 minuta"},"schema":{"@context":"https:\/\/schema.org","@graph":[{"@type":"WebPage","@id":"https:\/\/kosmika-trgovina.si\/LPT\/trgovina\/kristali\/orgonit-roza-zivljenja\/","url":"https:\/\/kosmika-trgovina.si\/LPT\/trgovina\/kristali\/orgonit-roza-zivljenja\/","name":"Orgonit Ro\u017ea \u017eivljenja - Kosmika trgovina","isPartOf":{"@id":"https:\/\/kosmika-trgovina.si\/LPT\/#website"},"primaryImageOfPage":{"@id":"https:\/\/kosmika-trgovina.si\/LPT\/trgovina\/kristali\/orgonit-roza-zivljenja\/#primaryimage"},"image":{"@id":"https:\/\/kosmika-trgovina.si\/LPT\/trgovina\/kristali\/orgonit-roza-zivljenja\/#primaryimage"},"thumbnailUrl":"https:\/\/kosmika-trgovina.si\/LPT\/wp-content\/uploads\/2020\/06\/orgonit-roza-zivljenja-2.png","datePublished":"2020-06-17T08:33:24+00:00","dateModified":"2022-12-08T10:31:33+00:00","breadcrumb":{"@id":"https:\/\/kosmika-trgovina.si\/LPT\/trgovina\/kristali\/orgonit-roza-zivljenja\/#breadcrumb"},"inLanguage":"sl-SI","potentialAction":[{"@type":"ReadAction","target":["https:\/\/kosmika-trgovina.si\/LPT\/trgovina\/kristali\/orgonit-roza-zivljenja\/"]}]},{"@type":"ImageObject","inLanguage":"sl-SI","@id":"https:\/\/kosmika-trgovina.si\/LPT\/trgovina\/kristali\/orgonit-roza-zivljenja\/#primaryimage","url":"https:\/\/kosmika-trgovina.si\/LPT\/wp-content\/uploads\/2020\/06\/orgonit-roza-zivljenja-2.png","contentUrl":"https:\/\/kosmika-trgovina.si\/LPT\/wp-content\/uploads\/2020\/06\/orgonit-roza-zivljenja-2.png","width":500,"height":500},{"@type":"BreadcrumbList","@id":"https:\/\/kosmika-trgovina.si\/LPT\/trgovina\/kristali\/orgonit-roza-zivljenja\/#breadcrumb","itemListElement":[{"@type":"ListItem","position":1,"name":"Home","item":"https:\/\/kosmika-trgovina.si\/LPT\/"},{"@type":"ListItem","position":2,"name":"Trgovina","item":"https:\/\/kosmika-trgovina.si\/LPT\/"},{"@type":"ListItem","position":3,"name":"Orgonit Ro\u017ea \u017eivljenja"}]},{"@type":"WebSite","@id":"https:\/\/kosmika-trgovina.si\/LPT\/#website","url":"https:\/\/kosmika-trgovina.si\/LPT\/","name":"Kosmika trgovina","description":"Kosmika trgovina","publisher":{"@id":"https:\/\/kosmika-trgovina.si\/LPT\/#organization"},"potentialAction":[{"@type":"SearchAction","target":{"@type":"EntryPoint","urlTemplate":"https:\/\/kosmika-trgovina.si\/LPT\/?s={search_term_string}"},"query-input":{"@type":"PropertyValueSpecification","valueRequired":true,"valueName":"search_term_string"}}],"inLanguage":"sl-SI"},{"@type":"Organization","@id":"https:\/\/kosmika-trgovina.si\/LPT\/#organization","name":"Kosmika trgovina","url":"https:\/\/kosmika-trgovina.si\/LPT\/","logo":{"@type":"ImageObject","inLanguage":"sl-SI","@id":"https:\/\/kosmika-trgovina.si\/LPT\/#\/schema\/logo\/image\/","url":"https:\/\/kosmika-trgovina.si\/LPT\/wp-content\/uploads\/2020\/01\/cropped-horoskop-logo_top-2.png","contentUrl":"https:\/\/kosmika-trgovina.si\/LPT\/wp-content\/uploads\/2020\/01\/cropped-horoskop-logo_top-2.png","width":404,"height":101,"caption":"Kosmika trgovina"},"image":{"@id":"https:\/\/kosmika-trgovina.si\/LPT\/#\/schema\/logo\/image\/"}}]}},"_links":{"self":[{"href":"https:\/\/kosmika-trgovina.si\/LPT\/wp-json\/wp\/v2\/product\/2074","targetHints":{"allow":["GET"]}}],"collection":[{"href":"https:\/\/kosmika-trgovina.si\/LPT\/wp-json\/wp\/v2\/product"}],"about":[{"href":"https:\/\/kosmika-trgovina.si\/LPT\/wp-json\/wp\/v2\/types\/product"}],"version-history":[{"count":2,"href":"https:\/\/kosmika-trgovina.si\/LPT\/wp-json\/wp\/v2\/product\/2074\/revisions"}],"predecessor-version":[{"id":2082,"href":"https:\/\/kosmika-trgovina.si\/LPT\/wp-json\/wp\/v2\/product\/2074\/revisions\/2082"}],"wp:featuredmedia":[{"embeddable":true,"href":"https:\/\/kosmika-trgovina.si\/LPT\/wp-json\/wp\/v2\/media\/2077"}],"wp:attachment":[{"href":"https:\/\/kosmika-trgovina.si\/LPT\/wp-json\/wp\/v2\/media?parent=2074"}],"wp:term":[{"taxonomy":"product_brand","embeddable":true,"href":"https:\/\/kosmika-trgovina.si\/LPT\/wp-json\/wp\/v2\/product_brand?post=2074"},{"taxonomy":"product_cat","embeddable":true,"href":"https:\/\/kosmika-trgovina.si\/LPT\/wp-json\/wp\/v2\/product_cat?post=2074"},{"taxonomy":"product_tag","embeddable":true,"href":"https:\/\/kosmika-trgovina.si\/LPT\/wp-json\/wp\/v2\/product_tag?post=2074"}],"curies":[{"name":"wp","href":"https:\/\/api.w.org\/{rel}","templated":true}]}}